{"id":2,"date":"2024-06-24T09:54:24","date_gmt":"2024-06-24T09:54:24","guid":{"rendered":"https:\/\/tipitapafoodtruck.rkinformatika.online\/?page_id=2"},"modified":"2025-06-18T14:52:24","modified_gmt":"2025-06-18T14:52:24","slug":"inicio","status":"publish","type":"page","link":"https:\/\/tipitapafoodtruck.com\/eus\/","title":{"rendered":"Hasiera"},"content":{"rendered":"\t\t<div data-elementor-type=\"wp-page\" data-elementor-id=\"2\" class=\"elementor elementor-2\" data-elementor-post-type=\"page\">\n\t\t\t\t\t\t<section class=\"elementor-section elementor-top-section elementor-element elementor-element-e212975 elementor-section-height-min-height elementor-section-full_width elementor-section-height-default elementor-section-items-middle\" data-id=\"e212975\" data-element_type=\"section\" data-e-type=\"section\" data-settings=\"{&quot;background_background&quot;:&quot;slideshow&quot;,&quot;background_slideshow_ken_burns&quot;:&quot;yes&quot;,&quot;background_slideshow_gallery&quot;:[{&quot;id&quot;:602,&quot;url&quot;:&quot;https:\\\/\\\/tipitapafoodtruck.com\\\/wp-content\\\/uploads\\\/2024\\\/06\\\/Captura-desde-2024-06-24-17-51-24.png&quot;},{&quot;id&quot;:674,&quot;url&quot;:&quot;https:\\\/\\\/tipitapafoodtruck.com\\\/wp-content\\\/uploads\\\/2024\\\/06\\\/two-young-chefs-in-their-food-truck-business.jpg&quot;},{&quot;id&quot;:675,&quot;url&quot;:&quot;https:\\\/\\\/tipitapafoodtruck.com\\\/wp-content\\\/uploads\\\/2024\\\/06\\\/coffee-truck.jpg&quot;},{&quot;id&quot;:679,&quot;url&quot;:&quot;https:\\\/\\\/tipitapafoodtruck.com\\\/wp-content\\\/uploads\\\/2024\\\/06\\\/diverse-couple-having-lunch-near-food-truck-in-park.jpg&quot;},{&quot;id&quot;:603,&quot;url&quot;:&quot;https:\\\/\\\/tipitapafoodtruck.com\\\/wp-content\\\/uploads\\\/2024\\\/06\\\/Captura-desde-2024-06-24-17-51-46.png&quot;}],&quot;background_slideshow_slide_duration&quot;:4000,&quot;background_slideshow_loop&quot;:&quot;yes&quot;,&quot;background_slideshow_slide_transition&quot;:&quot;fade&quot;,&quot;background_slideshow_transition_duration&quot;:500,&quot;background_slideshow_ken_burns_zoom_direction&quot;:&quot;in&quot;}\">\n\t\t\t\t\t\t\t<div class=\"elementor-background-overlay\"><\/div>\n\t\t\t\t\t\t\t<div class=\"elementor-container elementor-column-gap-default\">\n\t\t\t\t\t<div class=\"elementor-column elementor-col-100 elementor-top-column elementor-element elementor-element-8618646\" data-id=\"8618646\" data-element_type=\"column\" data-e-type=\"column\">\n\t\t\t<div class=\"elementor-widget-wrap elementor-element-populated\">\n\t\t\t\t\t\t<div class=\"elementor-element elementor-element-88ec96d elementor-widget-divider--view-line_text elementor-widget-divider--element-align-right elementor-widget__width-initial elementor-widget-mobile__width-initial elementor-invisible elementor-widget elementor-widget-divider\" data-id=\"88ec96d\" data-element_type=\"widget\" data-e-type=\"widget\" data-settings=\"{&quot;_animation&quot;:&quot;fadeInRight&quot;}\" data-widget_type=\"divider.default\">\n\t\t\t\t<div class=\"elementor-widget-container\">\n\t\t\t\t\t\t\t<div class=\"elementor-divider\">\n\t\t\t<span class=\"elementor-divider-separator\">\n\t\t\t\t\t\t\t<span class=\"elementor-divider__text elementor-divider__element\">\n\t\t\t\tDesde 2019\t\t\t\t<\/span>\n\t\t\t\t\t\t<\/span>\n\t\t<\/div>\n\t\t\t\t\t\t<\/div>\n\t\t\t\t<\/div>\n\t\t\t\t<div class=\"elementor-element elementor-element-8733e9e elementor-widget__width-initial elementor-widget-tablet__width-initial elementor-widget-mobile__width-initial elementor-invisible elementor-widget elementor-widget-heading\" data-id=\"8733e9e\" data-element_type=\"widget\" data-e-type=\"widget\" data-settings=\"{&quot;_animation&quot;:&quot;fadeInLeft&quot;}\" data-widget_type=\"heading.default\">\n\t\t\t\t<div class=\"elementor-widget-container\">\n\t\t\t\t\t<h2 class=\"elementor-heading-title elementor-size-default\">BIENVENIDOS A TIPITAPA<\/h2>\t\t\t\t<\/div>\n\t\t\t\t<\/div>\n\t\t\t\t<div class=\"elementor-element elementor-element-57fc54b elementor-widget__width-initial elementor-widget-tablet__width-initial elementor-widget-mobile__width-initial elementor-invisible elementor-widget elementor-widget-heading\" data-id=\"57fc54b\" data-element_type=\"widget\" data-e-type=\"widget\" data-settings=\"{&quot;_animation&quot;:&quot;fadeInRight&quot;}\" data-widget_type=\"heading.default\">\n\t\t\t\t<div class=\"elementor-widget-container\">\n\t\t\t\t\t<h2 class=\"elementor-heading-title elementor-size-default\">Ofrecemos comidas deliciosas y \u00fanicas para eventos, fiestas, bodas, cumplea\u00f1os y eventos privados. <\/h2>\t\t\t\t<\/div>\n\t\t\t\t<\/div>\n\t\t\t\t\t<\/div>\n\t\t<\/div>\n\t\t\t\t\t<\/div>\n\t\t<\/section>\n\t\t<div class=\"elementor-element elementor-element-5210dc2b e-con-full e-flex e-con e-parent\" data-id=\"5210dc2b\" data-element_type=\"container\" data-e-type=\"container\" data-settings=\"{&quot;background_background&quot;:&quot;classic&quot;}\">\n\t\t<div class=\"elementor-element elementor-element-6ca78fd9 e-con-full e-flex e-con e-child\" data-id=\"6ca78fd9\" data-element_type=\"container\" data-e-type=\"container\">\n\t\t\t\t<div class=\"elementor-element elementor-element-321542d elementor-widget elementor-widget-heading\" data-id=\"321542d\" data-element_type=\"widget\" data-e-type=\"widget\" data-widget_type=\"heading.default\">\n\t\t\t\t<div class=\"elementor-widget-container\">\n\t\t\t\t\t<h2 class=\"elementor-heading-title elementor-size-default\">Sobre Nosotros<\/h2>\t\t\t\t<\/div>\n\t\t\t\t<\/div>\n\t\t\t\t<div class=\"elementor-element elementor-element-a097ddc elementor-widget elementor-widget-text-editor\" data-id=\"a097ddc\" data-element_type=\"widget\" data-e-type=\"widget\" data-widget_type=\"text-editor.default\">\n\t\t\t\t<div class=\"elementor-widget-container\">\n\t\t\t\t\t\t\t\t\t<p>Somos una food truck con base en Balmaseda, especializada en eventos, fiestas, bodas, cumplea\u00f1os y eventos privados. Con 5 a\u00f1os de experiencia en Euskadi y otras comunidades, hemos participado en ferias, festivales y conciertos, siempre con profesionalidad y dedicaci\u00f3n.<\/p>\n<p>Nos adaptamos a cualquier horario y lugar, ofreciendo una variada selecci\u00f3n de comidas y bebidas, incluyendo hamburguesas de ternera, perritos, bocatas, salchi papa, patatas fritas, patatas con bacon y salsa de queso, jalape\u00f1os y m\u00e1s.<\/p>\t\t\t\t\t\t\t\t<\/div>\n\t\t\t\t<\/div>\n\t\t\t\t<div class=\"elementor-element elementor-element-67966dd7 elementor-widget elementor-widget-image\" data-id=\"67966dd7\" data-element_type=\"widget\" data-e-type=\"widget\" data-widget_type=\"image.default\">\n\t\t\t\t<div class=\"elementor-widget-container\">\n\t\t\t\t\t\t\t\t\t\t\t\t\t\t\t<img fetchpriority=\"high\" decoding=\"async\" width=\"800\" height=\"580\" src=\"https:\/\/tipitapafoodtruck.com\/wp-content\/uploads\/2024\/06\/Captura-desde-2024-06-24-17-51-46.png\" class=\"attachment-large size-large wp-image-603\" alt=\"\" srcset=\"https:\/\/tipitapafoodtruck.com\/wp-content\/uploads\/2024\/06\/Captura-desde-2024-06-24-17-51-46.png 892w, https:\/\/tipitapafoodtruck.com\/wp-content\/uploads\/2024\/06\/Captura-desde-2024-06-24-17-51-46-300x218.png 300w, https:\/\/tipitapafoodtruck.com\/wp-content\/uploads\/2024\/06\/Captura-desde-2024-06-24-17-51-46-768x557.png 768w, https:\/\/tipitapafoodtruck.com\/wp-content\/uploads\/2024\/06\/Captura-desde-2024-06-24-17-51-46-18x12.png 18w\" sizes=\"(max-width: 800px) 100vw, 800px\" \/>\t\t\t\t\t\t\t\t\t\t\t\t\t\t\t<\/div>\n\t\t\t\t<\/div>\n\t\t\t\t<\/div>\n\t\t<div class=\"elementor-element elementor-element-6a1933dc e-con-full e-flex e-con e-child\" data-id=\"6a1933dc\" data-element_type=\"container\" data-e-type=\"container\">\n\t\t\t\t<div class=\"elementor-element elementor-element-157d741 elementor-widget elementor-widget-image\" data-id=\"157d741\" data-element_type=\"widget\" data-e-type=\"widget\" data-widget_type=\"image.default\">\n\t\t\t\t<div class=\"elementor-widget-container\">\n\t\t\t\t\t\t\t\t\t\t\t\t\t\t\t<img decoding=\"async\" width=\"800\" height=\"580\" src=\"https:\/\/tipitapafoodtruck.com\/wp-content\/uploads\/2024\/06\/Captura-desde-2024-06-24-17-51-24.png\" class=\"attachment-large size-large wp-image-602\" alt=\"\" srcset=\"https:\/\/tipitapafoodtruck.com\/wp-content\/uploads\/2024\/06\/Captura-desde-2024-06-24-17-51-24.png 892w, https:\/\/tipitapafoodtruck.com\/wp-content\/uploads\/2024\/06\/Captura-desde-2024-06-24-17-51-24-300x218.png 300w, https:\/\/tipitapafoodtruck.com\/wp-content\/uploads\/2024\/06\/Captura-desde-2024-06-24-17-51-24-768x557.png 768w, https:\/\/tipitapafoodtruck.com\/wp-content\/uploads\/2024\/06\/Captura-desde-2024-06-24-17-51-24-18x12.png 18w\" sizes=\"(max-width: 800px) 100vw, 800px\" \/>\t\t\t\t\t\t\t\t\t\t\t\t\t\t\t<\/div>\n\t\t\t\t<\/div>\n\t\t\t\t<div class=\"elementor-element elementor-element-5d16243 elementor-widget elementor-widget-text-editor\" data-id=\"5d16243\" data-element_type=\"widget\" data-e-type=\"widget\" data-widget_type=\"text-editor.default\">\n\t\t\t\t<div class=\"elementor-widget-container\">\n\t\t\t\t\t\t\t\t\t<p>En TIPITAPA, nos apasiona ofrecer una experiencia culinaria inolvidable y satisfacer a nuestros clientes con cada servicio. Nos dedicamos a brindar atenci\u00f3n personalizada y adaptar nuestras opciones gastron\u00f3micas a las necesidades de cada evento, asegurando que cada detalle est\u00e9 cuidadosamente planificado y ejecutado<\/p>\n<p>Nuestra misi\u00f3n es crear momentos memorables proporcionando comida deliciosa y un servicio de calidad. \u00a1Conf\u00eda en nosotros para hacer de tu evento una ocasi\u00f3n especial! Nuestra experiencia y dedicaci\u00f3n garantizan una celebraci\u00f3n \u00fanica, con un ambiente acogedor y una oferta culinaria exquisita.<\/p>\t\t\t\t\t\t\t\t<\/div>\n\t\t\t\t<\/div>\n\t\t\t\t<\/div>\n\t\t\t\t<\/div>\n\t\t\t\t<section class=\"elementor-section elementor-top-section elementor-element elementor-element-a5e01d6 elementor-section-full_width elementor-section-height-default elementor-section-height-default\" data-id=\"a5e01d6\" data-element_type=\"section\" data-e-type=\"section\" data-settings=\"{&quot;background_background&quot;:&quot;classic&quot;}\">\n\t\t\t\t\t\t\t<div class=\"elementor-background-overlay\"><\/div>\n\t\t\t\t\t\t\t<div class=\"elementor-container elementor-column-gap-default\">\n\t\t\t\t\t<div class=\"elementor-column elementor-col-100 elementor-top-column elementor-element elementor-element-f6a26c3 elementor-invisible\" data-id=\"f6a26c3\" data-element_type=\"column\" data-e-type=\"column\" data-settings=\"{&quot;animation&quot;:&quot;fadeIn&quot;}\">\n\t\t\t<div class=\"elementor-widget-wrap elementor-element-populated\">\n\t\t\t\t\t\t<div class=\"elementor-element elementor-element-c7649f2 elementor-widget-mobile__width-initial elementor-widget elementor-widget-heading\" data-id=\"c7649f2\" data-element_type=\"widget\" data-e-type=\"widget\" data-widget_type=\"heading.default\">\n\t\t\t\t<div class=\"elementor-widget-container\">\n\t\t\t\t\t<h2 class=\"elementor-heading-title elementor-size-default\">\u00bfQuieres un evento inolvidable?<\/h2>\t\t\t\t<\/div>\n\t\t\t\t<\/div>\n\t\t\t\t<div class=\"elementor-element elementor-element-d52ff3c elementor-widget-mobile__width-initial elementor-widget elementor-widget-text-editor\" data-id=\"d52ff3c\" data-element_type=\"widget\" data-e-type=\"widget\" data-widget_type=\"text-editor.default\">\n\t\t\t\t<div class=\"elementor-widget-container\">\n\t\t\t\t\t\t\t\t\t<p>\u00a1Una experiencia culinaria sobre ruedas!<\/p>\t\t\t\t\t\t\t\t<\/div>\n\t\t\t\t<\/div>\n\t\t\t\t<div class=\"elementor-element elementor-element-0f4eb83 elementor-align-center elementor-widget-mobile__width-initial elementor-mobile-align-center elementor-widget elementor-widget-button\" data-id=\"0f4eb83\" data-element_type=\"widget\" data-e-type=\"widget\" data-widget_type=\"button.default\">\n\t\t\t\t<div class=\"elementor-widget-container\">\n\t\t\t\t\t\t\t\t\t<div class=\"elementor-button-wrapper\">\n\t\t\t\t\t<a class=\"elementor-button elementor-button-link elementor-size-sm\" href=\"https:\/\/tipitapafoodtruck.com\/servicios\/\">\n\t\t\t\t\t\t<span class=\"elementor-button-content-wrapper\">\n\t\t\t\t\t\t\t\t\t<span class=\"elementor-button-text\">Servicios<\/span>\n\t\t\t\t\t<\/span>\n\t\t\t\t\t<\/a>\n\t\t\t\t<\/div>\n\t\t\t\t\t\t\t\t<\/div>\n\t\t\t\t<\/div>\n\t\t\t\t\t<\/div>\n\t\t<\/div>\n\t\t\t\t\t<\/div>\n\t\t<\/section>\n\t\t\t\t<\/div>\n\t\t","protected":false},"excerpt":{"rendered":"<p>Desde 2019 BIENVENIDOS A TIPITAPA Ofrecemos comidas deliciosas y \u00fanicas para eventos, fiestas, bodas, cumplea\u00f1os y eventos privados. Sobre Nosotros Somos una food truck con base en Balmaseda, especializada en eventos, fiestas, bodas, cumplea\u00f1os y eventos privados. Con 5 a\u00f1os de experiencia en Euskadi y otras comunidades, hemos participado en ferias, festivales y conciertos, siempre [&hellip;]<\/p>\n","protected":false},"author":1,"featured_media":0,"parent":0,"menu_order":0,"comment_status":"closed","ping_status":"closed","template":"elementor_canvas","meta":{"footnotes":""},"class_list":["post-2","page","type-page","status-publish","hentry"],"yoast_head":"<!-- This site is optimized with the Yoast SEO plugin v27.5 - https:\/\/yoast.com\/product\/yoast-seo-wordpress\/ -->\n<title>Inicio - TIPITAPA<\/title>\n<meta name=\"robots\" content=\"index, follow, max-snippet:-1, max-image-preview:large, max-video-preview:-1\" \/>\n<link rel=\"canonical\" href=\"https:\/\/tipitapafoodtruck.com\/eus\/\" \/>\n<meta property=\"og:locale\" content=\"en_US\" \/>\n<meta property=\"og:type\" content=\"article\" \/>\n<meta property=\"og:title\" content=\"Inicio - TIPITAPA\" \/>\n<meta property=\"og:description\" content=\"Desde 2019 BIENVENIDOS A TIPITAPA Ofrecemos comidas deliciosas y \u00fanicas para eventos, fiestas, bodas, cumplea\u00f1os y eventos privados. Sobre Nosotros Somos una food truck con base en Balmaseda, especializada en eventos, fiestas, bodas, cumplea\u00f1os y eventos privados. Con 5 a\u00f1os de experiencia en Euskadi y otras comunidades, hemos participado en ferias, festivales y conciertos, siempre [&hellip;]\" \/>\n<meta property=\"og:url\" content=\"https:\/\/tipitapafoodtruck.com\/eus\/\" \/>\n<meta property=\"og:site_name\" content=\"TIPITAPA\" \/>\n<meta property=\"article:modified_time\" content=\"2025-06-18T14:52:24+00:00\" \/>\n<meta property=\"og:image\" content=\"https:\/\/tipitapafoodtruck.com\/wp-content\/uploads\/2024\/06\/Captura-desde-2024-06-24-17-51-46.png\" \/>\n\t<meta property=\"og:image:width\" content=\"892\" \/>\n\t<meta property=\"og:image:height\" content=\"647\" \/>\n\t<meta property=\"og:image:type\" content=\"image\/png\" \/>\n<meta name=\"twitter:card\" content=\"summary_large_image\" \/>\n<meta name=\"twitter:label1\" content=\"Est. reading time\" \/>\n\t<meta name=\"twitter:data1\" content=\"2 minutua\" \/>\n<script type=\"application\/ld+json\" class=\"yoast-schema-graph\">{\"@context\":\"https:\\\/\\\/schema.org\",\"@graph\":[{\"@type\":\"WebPage\",\"@id\":\"https:\\\/\\\/tipitapafoodtruck.com\\\/\",\"url\":\"https:\\\/\\\/tipitapafoodtruck.com\\\/\",\"name\":\"Inicio - TIPITAPA\",\"isPartOf\":{\"@id\":\"https:\\\/\\\/tipitapafoodtruck.com\\\/#website\"},\"primaryImageOfPage\":{\"@id\":\"https:\\\/\\\/tipitapafoodtruck.com\\\/#primaryimage\"},\"image\":{\"@id\":\"https:\\\/\\\/tipitapafoodtruck.com\\\/#primaryimage\"},\"thumbnailUrl\":\"https:\\\/\\\/tipitapafoodtruck.com\\\/wp-content\\\/uploads\\\/2024\\\/06\\\/Captura-desde-2024-06-24-17-51-46.png\",\"datePublished\":\"2024-06-24T09:54:24+00:00\",\"dateModified\":\"2025-06-18T14:52:24+00:00\",\"breadcrumb\":{\"@id\":\"https:\\\/\\\/tipitapafoodtruck.com\\\/#breadcrumb\"},\"inLanguage\":\"eu\",\"potentialAction\":[{\"@type\":\"ReadAction\",\"target\":[\"https:\\\/\\\/tipitapafoodtruck.com\\\/\"]}]},{\"@type\":\"ImageObject\",\"inLanguage\":\"eu\",\"@id\":\"https:\\\/\\\/tipitapafoodtruck.com\\\/#primaryimage\",\"url\":\"https:\\\/\\\/tipitapafoodtruck.com\\\/wp-content\\\/uploads\\\/2024\\\/06\\\/Captura-desde-2024-06-24-17-51-46.png\",\"contentUrl\":\"https:\\\/\\\/tipitapafoodtruck.com\\\/wp-content\\\/uploads\\\/2024\\\/06\\\/Captura-desde-2024-06-24-17-51-46.png\"},{\"@type\":\"BreadcrumbList\",\"@id\":\"https:\\\/\\\/tipitapafoodtruck.com\\\/#breadcrumb\",\"itemListElement\":[{\"@type\":\"ListItem\",\"position\":1,\"name\":\"Portada\",\"item\":\"https:\\\/\\\/tipitapafoodtruck.com\\\/\"},{\"@type\":\"ListItem\",\"position\":2,\"name\":\"Inicio\"}]},{\"@type\":\"WebSite\",\"@id\":\"https:\\\/\\\/tipitapafoodtruck.com\\\/#website\",\"url\":\"https:\\\/\\\/tipitapafoodtruck.com\\\/\",\"name\":\"TIPITAPA\",\"description\":\"\",\"publisher\":{\"@id\":\"https:\\\/\\\/tipitapafoodtruck.com\\\/#organization\"},\"potentialAction\":[{\"@type\":\"SearchAction\",\"target\":{\"@type\":\"EntryPoint\",\"urlTemplate\":\"https:\\\/\\\/tipitapafoodtruck.com\\\/?s={search_term_string}\"},\"query-input\":{\"@type\":\"PropertyValueSpecification\",\"valueRequired\":true,\"valueName\":\"search_term_string\"}}],\"inLanguage\":\"eu\"},{\"@type\":\"Organization\",\"@id\":\"https:\\\/\\\/tipitapafoodtruck.com\\\/#organization\",\"name\":\"TIPITAPA\",\"url\":\"https:\\\/\\\/tipitapafoodtruck.com\\\/\",\"logo\":{\"@type\":\"ImageObject\",\"inLanguage\":\"eu\",\"@id\":\"https:\\\/\\\/tipitapafoodtruck.com\\\/#\\\/schema\\\/logo\\\/image\\\/\",\"url\":\"https:\\\/\\\/tipitapafoodtruck.com\\\/wp-content\\\/uploads\\\/2024\\\/06\\\/cropped-logo.png\",\"contentUrl\":\"https:\\\/\\\/tipitapafoodtruck.com\\\/wp-content\\\/uploads\\\/2024\\\/06\\\/cropped-logo.png\",\"width\":1578,\"height\":1080,\"caption\":\"TIPITAPA\"},\"image\":{\"@id\":\"https:\\\/\\\/tipitapafoodtruck.com\\\/#\\\/schema\\\/logo\\\/image\\\/\"}}]}<\/script>\n<!-- \/ Yoast SEO plugin. -->","yoast_head_json":{"title":"Inicio - TIPITAPA","robots":{"index":"index","follow":"follow","max-snippet":"max-snippet:-1","max-image-preview":"max-image-preview:large","max-video-preview":"max-video-preview:-1"},"canonical":"https:\/\/tipitapafoodtruck.com\/eus\/","og_locale":"en_US","og_type":"article","og_title":"Inicio - TIPITAPA","og_description":"Desde 2019 BIENVENIDOS A TIPITAPA Ofrecemos comidas deliciosas y \u00fanicas para eventos, fiestas, bodas, cumplea\u00f1os y eventos privados. Sobre Nosotros Somos una food truck con base en Balmaseda, especializada en eventos, fiestas, bodas, cumplea\u00f1os y eventos privados. Con 5 a\u00f1os de experiencia en Euskadi y otras comunidades, hemos participado en ferias, festivales y conciertos, siempre [&hellip;]","og_url":"https:\/\/tipitapafoodtruck.com\/eus\/","og_site_name":"TIPITAPA","article_modified_time":"2025-06-18T14:52:24+00:00","og_image":[{"width":892,"height":647,"url":"https:\/\/tipitapafoodtruck.com\/wp-content\/uploads\/2024\/06\/Captura-desde-2024-06-24-17-51-46.png","type":"image\/png"}],"twitter_card":"summary_large_image","twitter_misc":{"Est. reading time":"2 minutua"},"schema":{"@context":"https:\/\/schema.org","@graph":[{"@type":"WebPage","@id":"https:\/\/tipitapafoodtruck.com\/","url":"https:\/\/tipitapafoodtruck.com\/","name":"Inicio - TIPITAPA","isPartOf":{"@id":"https:\/\/tipitapafoodtruck.com\/#website"},"primaryImageOfPage":{"@id":"https:\/\/tipitapafoodtruck.com\/#primaryimage"},"image":{"@id":"https:\/\/tipitapafoodtruck.com\/#primaryimage"},"thumbnailUrl":"https:\/\/tipitapafoodtruck.com\/wp-content\/uploads\/2024\/06\/Captura-desde-2024-06-24-17-51-46.png","datePublished":"2024-06-24T09:54:24+00:00","dateModified":"2025-06-18T14:52:24+00:00","breadcrumb":{"@id":"https:\/\/tipitapafoodtruck.com\/#breadcrumb"},"inLanguage":"eu","potentialAction":[{"@type":"ReadAction","target":["https:\/\/tipitapafoodtruck.com\/"]}]},{"@type":"ImageObject","inLanguage":"eu","@id":"https:\/\/tipitapafoodtruck.com\/#primaryimage","url":"https:\/\/tipitapafoodtruck.com\/wp-content\/uploads\/2024\/06\/Captura-desde-2024-06-24-17-51-46.png","contentUrl":"https:\/\/tipitapafoodtruck.com\/wp-content\/uploads\/2024\/06\/Captura-desde-2024-06-24-17-51-46.png"},{"@type":"BreadcrumbList","@id":"https:\/\/tipitapafoodtruck.com\/#breadcrumb","itemListElement":[{"@type":"ListItem","position":1,"name":"Portada","item":"https:\/\/tipitapafoodtruck.com\/"},{"@type":"ListItem","position":2,"name":"Inicio"}]},{"@type":"WebSite","@id":"https:\/\/tipitapafoodtruck.com\/#website","url":"https:\/\/tipitapafoodtruck.com\/","name":"TIPITAPA","description":"","publisher":{"@id":"https:\/\/tipitapafoodtruck.com\/#organization"},"potentialAction":[{"@type":"SearchAction","target":{"@type":"EntryPoint","urlTemplate":"https:\/\/tipitapafoodtruck.com\/?s={search_term_string}"},"query-input":{"@type":"PropertyValueSpecification","valueRequired":true,"valueName":"search_term_string"}}],"inLanguage":"eu"},{"@type":"Organization","@id":"https:\/\/tipitapafoodtruck.com\/#organization","name":"TIPITAPA","url":"https:\/\/tipitapafoodtruck.com\/","logo":{"@type":"ImageObject","inLanguage":"eu","@id":"https:\/\/tipitapafoodtruck.com\/#\/schema\/logo\/image\/","url":"https:\/\/tipitapafoodtruck.com\/wp-content\/uploads\/2024\/06\/cropped-logo.png","contentUrl":"https:\/\/tipitapafoodtruck.com\/wp-content\/uploads\/2024\/06\/cropped-logo.png","width":1578,"height":1080,"caption":"TIPITAPA"},"image":{"@id":"https:\/\/tipitapafoodtruck.com\/#\/schema\/logo\/image\/"}}]}},"_links":{"self":[{"href":"https:\/\/tipitapafoodtruck.com\/eus\/wp-json\/wp\/v2\/pages\/2","targetHints":{"allow":["GET"]}}],"collection":[{"href":"https:\/\/tipitapafoodtruck.com\/eus\/wp-json\/wp\/v2\/pages"}],"about":[{"href":"https:\/\/tipitapafoodtruck.com\/eus\/wp-json\/wp\/v2\/types\/page"}],"author":[{"embeddable":true,"href":"https:\/\/tipitapafoodtruck.com\/eus\/wp-json\/wp\/v2\/users\/1"}],"replies":[{"embeddable":true,"href":"https:\/\/tipitapafoodtruck.com\/eus\/wp-json\/wp\/v2\/comments?post=2"}],"version-history":[{"count":172,"href":"https:\/\/tipitapafoodtruck.com\/eus\/wp-json\/wp\/v2\/pages\/2\/revisions"}],"predecessor-version":[{"id":904,"href":"https:\/\/tipitapafoodtruck.com\/eus\/wp-json\/wp\/v2\/pages\/2\/revisions\/904"}],"wp:attachment":[{"href":"https:\/\/tipitapafoodtruck.com\/eus\/wp-json\/wp\/v2\/media?parent=2"}],"curies":[{"name":"wp","href":"https:\/\/api.w.org\/{rel}","templated":true}]}}